7460?
True
Does 54 divide 5814?
False
Does 5 divide 189?
False
Is 12 a factor of 5035?
False
Is 3 a factor of 6379?
False
Is 10026 a multiple of 41?
False
Is 5 a factor of 52?
False
Is 4 a factor of 127?
False
Is 39 a factor of 6513?
True
Is 37 a factor of 1319?
False
Is 2975 a multiple of 25?
True
Does 71 divide 3266?
True
Is 41 a factor of 4387?
True
Is 38454 a multiple of 13?
True
Does 49 divide 6687?
False
Does 72 divide 4320?
True
Does 41 divide 1394?
True
Does 8 divide 1671?
False
Is 4416 a multiple of 8?
True
Is 14 a factor of 323?
False
Does 19 divide 3629?
True
Is 15 a factor of 46?
False
Is 5 a factor of 845?
True
Does 6 divide 562?
False
Is 6 a factor of 4188?
True
Is 50 a factor of 930?
False
Is 28 a factor of 2191?
False
Is 656 a multiple of 23?
False
Is 36114 a multiple of 15?
False
Does 26 divide 12036?
False
Does 49 divide 4197?
False
Is 13 a factor of 7111?
True
Is 116 a multiple of 26?
False
Is 36 a factor of 900?
True
Does 49 divide 11637?
False
Is 99 a multiple of 92?
False
Is 522 a multiple of 6?
True
Is 4816 a multiple of 14?
True
Is 12832 a multiple of 15?
False
Is 1033 a multiple of 11?
False
Is 594 a multiple of 33?
True
Is 2911 a multiple of 33?
False
Does 16 divide 14384?
True
Is 2 a factor of 3386?
True
Is 615 a multiple of 9?
False
Is 17 a factor of 18824?
False
Is 8 a factor of 368?
True
Is 26 a factor of 936?
True
Is 28 a factor of 5600?
True
Is 85 a factor of 935?
True
Is 5 a factor of 980?
True
Is 61 a factor of 893?
False
Is 715 a multiple of 55?
True
Does 40 divide 11440?
True
Is 7812 a multiple of 126?
True
Is 451 a factor of 52907?
False
Is 4 a factor of 37?
False
Is 19042 a multiple of 88?
False
Does 23 divide 13538?
False
Is 27716 a multiple of 84?
False
Is 639 a multiple of 2?
False
Is 27336 a multiple of 6?
True
Is 374 a multiple of 51?
False
Is 107 a factor of 535?
True
Is 33 a factor of 17928?
False
Is 4300 a multiple of 10?
True
Is 13176 a multiple of 36?
True
Is 12633 a multiple of 95?
False
Is 3 a factor of 1130?
False
Does 44 divide 23805?
False
Is 8430 a multiple of 10?
True
Does 96 divide 9120?
True
Does 54 divide 682?
False
Is 310 a multiple of 10?
True
Is 54 a factor of 1060?
False
Is 2 a factor of 47?
False
Is 41 a factor of 574?
True
Does 14 divide 154?
True
Is 103 a factor of 11675?
False
Does 58 divide 804?
False
Is 312 a multiple of 24?
True
Does 56 divide 6552?
True
Does 5 divide 1760?
True
Is 1100 a multiple of 59?
False
Is 16 a factor of 1024?
True
Is 1272 a multiple of 6?
True
Does 2 divide 3896?
True
Is 1540 a multiple of 55?
True
Is 177 a factor of 50622?
True
Is 82 a factor of 2780?
False
Does 5 divide 295?
True
Does 193 divide 2612?
False
Is 45 a factor of 29497?
False
Does 15 divide 22591?
False
Does 145 divide 6525?
True
Is 4348 a multiple of 4?
True
Does 66 divide 77220?
True
Is 28 a factor of 2212?
True
Is 12 a factor of 78?
False
Does 3 divide 26573?
False
Is 7276 a multiple of 17?
True
Is 17 a factor of 13454?
False
Is 4286 a multiple of 11?
False
Is 12096 a multiple of 192?
True
Is 6010 a multiple of 28?
False
Is 628 a multiple of 11?
False
Does 90 divide 3060?
True
Is 41 a factor of 70766?
True
Is 267 a multiple of 39?
False
Is 17 a factor of 2499?
True
Does 19 divide 24529?
True
Does 5 divide 3315?
True
Is 53 a factor of 53?
True
Does 9 divide 6287?
False
Is 5358 a multiple of 114?
True
Does 13 divide 134?
False
Does 6 divide 1065?
False
Is 3106 a multiple of 53?
False
Does 10 divide 430?
True
Does 211 divide 1266?
True
Is 7 a factor of 206?
False
Does 28 divide 137506?
False
Does 100 divide 15800?
True
Is 79 a factor of 2212?
True
Is 31 a factor of 1615?
False
Is 18 a multiple of 3?
True
Is 20 a factor of 2720?
True
Does 13 divide 2171?
True
Does 53 divide 1431?
True
Is 6578 a multiple of 39?
False
Is 28 a factor of 1904?
True
Is 4 a factor of 7?
False
Does 15 divide 7191?
False
Does 4 divide 2710?
False
Is 57 a factor of 7761?
False
Does 7 divide 67?
False
Does 17 divide 901?
True
Is 54 a factor of 543?
False
Is 64 a factor of 8877?
False
Is 132 a factor of 43089?
False
Is 2310 a multiple of 14?
True
Does 17 divide 849?
False
Does 44 divide 7260?
True
Does 4 divide 510?
False
Is 260 a multiple of 17?
False
Does 28 divide 31941?
False
Is 918 a multiple of 18?
True
Is 10 a factor of 170?
True
Does 142 divide 41331?
False
Is 350 a multiple of 17?
False
Is 32 a factor of 6208?
True
Is 1003 a multiple of 3?
False
Does 5 divide 32?
False
Is 1188 a multiple of 27?
True
Does 13 divide 81952?
True
Does 47 divide 1282?
False
Is 58 a multiple of 7?
False
Does 207 divide 24109?
False
Is 27408 a multiple of 139?
False
Is 91 a multiple of 13?
True
Is 53095 a multiple of 41?
True
Is 14 a factor of 16538?
False
Does 28 divide 14924?
True
Does 2 divide 318?
True
Does 3 divide 75?
True
Is 2810 a multiple of 5?
True
Does 3 divide 822?
True
Does 35 divide 1524?
False
Does 33 divide 1317?
False
Does 80 divide 22956?
False
Is 849 a multiple of 15?
False
Is 75233 a multiple of 43?
False
Does 89 divide 2047?
True
Is 34 a factor of 238?
True
Is 41 a factor of 817?
False
Is 15 a factor of 10620?
True
Is 14153 a multiple of 10?
False
Is 19 a factor of 514?
False
Is 21431 a multiple of 120?
False
Is 3403 a multiple of 41?
True
Is 11675 a multiple of 10?
False
Is 27 a factor of 2916?
True
Does 12 divide 1534?
False
Is 1026 a multiple of 38?
True
Is 2210 a multiple of 10?
True
Is 20 a factor of 1916?
False
Is 1961 a multiple of 37?
True
Does 2 divide 380?
True
Is 29 a factor of 1180?
False
Is 6 a factor of 26340?
True
Is 212 a multiple of 14?
False
Is 17 a factor of 2788?
True
Is 19 a factor of 715?
False
Does 3 divide 195?
True
Does 99 divide 42290?
False
Is 1197 a multiple of 7?
True
Is 1100 a multiple of 12?
False
Is 6044 a multiple of 18?
False
Does 62 divide 744?
True
Is 11078 a multiple of 83?
False
Is 544 a multiple of 25?
False
Is 2399 a multiple of 54?
False
Is 558 a multiple of 9?
True
Is 3996 a multiple of 9?
True
Does 25 divide 275?
True
Does 64 divide 7953?
False
Is 3722 a multiple of 21?
False
Does 8 divide 800?
True
Does 20 divide 14520?
True
Is 11589 a multiple of 7?
False
Is 575 even?
False
Is 59 a factor of 3068?
True
Is 13 a factor of 26182?
True
Does 30 divide 4602?
False
Is 816 a multiple of 17?
True
Is 1224 a multiple of 68?
True
Is 6 a factor of 41635?
False
Is 24 a factor of 546?
False
Is 36 a factor of 1301?
False
Does 55 divide 1210?
True
Is 229 a factor of 15114?
True
Is 4005 a multiple of 4?
False
Does 4 divide 215?
False
Is 12884 a multiple of 28?
False
Is 8760 a multiple of 14?
False
Is 11 a factor of 7947?
False
Is 1520 a multiple of 88?
False
Is 3532 a multiple of 32?
False
Is 35800 a multiple of 10?
True
Is 9 a factor of 774?
True
Is 45 a factor of 66245?
False
Is 356 a multiple of 35?
False
Does 180 divide 360?
True
Does 16 divide 336?
True
Does 54 divide 133?
False
Is 10160 a multiple of 80?
True
Does 28 divide 1904?
True
Does 30 divide 1440?
True
Is 51680 a multiple of 11?
False
Is 144 a factor of 9216?
True
Is 1210 a multiple of 75?
False
Does 52 divide 81328?
True
Is 25000 a multiple of 50?
True
Is 6270 a multiple of 10?
True
Does 31 divide 341?
True
Is 2 a factor of 2996?
True
Does 3 divide 347?
False
Does 21 divide 283?
False
Does 37 divide 518?
True
Is 82 a factor of 8694?
False
Does 8 divide 102?
False
Is 4818 a multiple of 83?
False
Is 110 a factor of 44440?
True
Is 97 a factor of 6215?
False
Does 5 divide 363?
False
Is 8 a factor of 2232?
True
Does 50 divide 850?
True
Is 22330 a multiple of 24?
False
Is 8183 a multiple of 49?
True
Is 40687 a multiple of 61?
True
Is 20 a factor of 13472?
False
Does 39 divide 975?
True
Is 75 a factor of 13835?
False
Does 36 divide 303?
False
Is 11 a factor of 10906?
False
Does 15 divide 10365?
True
Is 864 a multiple of 54?
True
Is 4703 a multiple of 12?
False
Does 13 divide 30?
False
Does 56 divide 2240?
True
Does 13 divide 156?
True
Is 149 a multiple of 6?
False
Is 2944 a multiple of 32?
True
Is 103 a factor of 8477?
False
Does 7 divide 77?
True
Does 40 divide 65190?
False
Is 26 a factor of 3250?
True
Is 17 a factor of 20?
False
Is 69 a factor of 71760?
True
Is 7891 a multiple of 176?
False
Is 5 a factor of 1993?
False
Does 13 divide 1274?
True
Is 32200 a multiple of 230?
True
Is 330 a multiple of 22?
True
Is 2904 a mu